
False
Is 7610978 a multiple of 205?
False
Does 386 divide 734914720?
False
Is 169329420 a multiple of 65?
True
Is 22 a factor of 6543988?
True
Does 341 divide 36351281?
False
Is 1684 a factor of 13119365?
False
Does 16 divide 218875184?
True
Is 42 a factor of 232320480?
True
Does 11 divide 25960913?
True
Is 453 a factor of 88657646?
False
Does 5 divide 1008640?
True
Does 22 divide 163154079?
False
Is 12 a factor of 68537592?
True
Is 701659252 a multiple of 658?
False
Is 49 a factor of 61702769?
False
Is 34 a factor of 1120966216?
False
Is 57 a factor of 65037782?
False
Is 32449410 a multiple of 42?
True
Does 458 divide 3830712?
True
Is 1903 a factor of 191957513?
True
Is 49205866 a multiple of 29?
True
Is 15 a factor of 87963450?
True
Is 12399355 a multiple of 785?
False
Does 17 divide 776492831?
False
Is 889883199 a multiple of 27?
True
Does 2892 divide 836637689?
False
Does 9 divide 1946054385?
True
Is 814 a factor of 10292216?
True
Is 1552220170 a multiple of 730?
True
Is 10918078 a multiple of 274?
True
Is 1359263538 a multiple of 87?
False
Does 13 divide 22808188?
True
Is 84715135 a multiple of 205?
False
Does 18 divide 534988116?
True
Does 86 divide 7883130?
False
Is 5 a factor of 3401395?
True
Is 142296020 a multiple of 1019?
False
Does 33 divide 705120660?
False
Is 13346338 a multiple of 135?
False
Does 32 divide 2119904?
True
Is 92 a factor of 643129496?
True
Does 32 divide 287657792?
True
Is 18 a factor of 120751114?
False
Is 40 a factor of 41476960?
True
Does 779 divide 1627896102?
False
Is 72407730 a multiple of 35?
False
Is 14184765 even?
False
Is 178187735 a multiple of 101?
True
Is 12 a factor of 257631384?
True
Does 50 divide 11023500?
True
Does 917 divide 2080396894?
False
Is 325835194 a multiple of 3466?
True
Is 1519246437 a multiple of 6889?
False
Does 311 divide 14527322?
False
Does 4 divide 22886140?
True
Is 6 a factor of 2149219?
False
Does 10214 divide 3219993891?
False
Is 16 a factor of 42266960?
True
Is 7198990 a multiple of 1445?
True
Is 131446929 a multiple of 7?
False
Is 165829119 a multiple of 884?
False
Is 1074 a factor of 467039640?
True
Is 67 a factor of 24695263?
False
Is 195 a factor of 353287155?
True
Does 52 divide 265573016?
False
Is 96716366 a multiple of 75?
False
Does 18 divide 21058981?
False
Is 775 a factor of 1124440191?
False
Is 1418785976 a multiple of 41?
True
Does 58 divide 58950657?
False
Is 7 a factor of 73202086?
False
Does 81 divide 3161588573?
False
Is 587 a factor of 178853203?
False
Is 480056966 a multiple of 30?
False
Is 368733241 a multiple of 2892?
False
Does 30 divide 249028031?
False
Is 189496449 a multiple of 247?
False
Is 269 a factor of 223132272?
True
Is 467 a factor of 2077406536?
True
Is 847604882 a multiple of 1984?
False
Does 729 divide 29685609?
True
Is 336611000 a multiple of 42?
False
Does 866 divide 4001778524?
False
Is 4534 a factor of 794737656?
True
Is 1970190248 a multiple of 884?
True
Is 882596 a multiple of 56?
False
Is 1839661170 a multiple of 1592?
False
Does 3 divide 13355937?
True
Is 454079808 a multiple of 156?
True
Does 7 divide 94876486?
False
Is 15 a factor of 378321450?
True
Is 69 a factor of 246027504?
True
Is 6030 a factor of 1695660120?
True
Is 4377483 a multiple of 297?
True
Is 59063529 a multiple of 21?
True
Is 81743025 a multiple of 377?
True
Is 417285399 a multiple of 1951?
False
Is 239803184 a multiple of 1007?
False
Is 109242630 a multiple of 3?
True
Does 2 divide 2293383?
False
Does 6678 divide 3865840352?
False
Is 287827351 a multiple of 49?
False
Does 17 divide 42851322?
True
Is 253743425 a multiple of 25?
True
Does 56 divide 39055856?
True
Is 288932797 a multiple of 40?
False
Is 96645673 a multiple of 562?
False
Is 13110228 a multiple of 38?
True
Does 131 divide 2589383?
False
Is 1953513424 a multiple of 38?
True
Does 14 divide 2104154770?
False
Does 145 divide 42651536?
False
Is 483068455 a multiple of 32?
False
Is 131 a factor of 350302776?
False
Is 5912 a factor of 878657754?
False
Does 12 divide 61248228?
True
Is 53 a factor of 1031657243?
True
Is 161 a factor of 40567009?
True
Is 561 a factor of 246812513?
False
Is 513 a factor of 102523878?
False
Does 20 divide 391790283?
False
Is 331 a factor of 40162225?
False
Is 2 a factor of 8667550?
True
Is 157635444 a multiple of 596?
True
Does 27 divide 75159707?
False
Does 2240 divide 168264320?
True
Is 331293240 a multiple of 30?
True
Is 1014019608 a multiple of 4?
True
Does 325 divide 3348150?
True
Is 61598828 a multiple of 316?
True
Is 39 a factor of 4792915?
False
Is 828205812 a multiple of 28?
True
Is 126 a factor of 140913055?
False
Does 9 divide 41819076?
True
Is 7 a factor of 45019502?
False
Is 423 a factor of 52129251?
True
Does 1133 divide 119872533?
True
Is 318 a factor of 365957887?
False
Does 554 divide 1023238?
True
Is 124763440 a multiple of 919?
True
Does 19 divide 1082725758?
False
Is 9707841 a multiple of 11?
True
Is 162349839 a multiple of 138?
False
Does 4 divide 4558050?
False
Is 236097980 a multiple of 5483?
True
Is 447 a factor of 552843084?
False
Does 21 divide 167124832?
False
Is 109 a factor of 20953397?
True
Is 905492678 a multiple of 10926?
False
Is 42 a factor of 38715138?
True
Is 3310709 a multiple of 141?
False
Is 88448529 a multiple of 13?
True
Is 201 a factor of 8438583?
True
Is 3908755746 a multiple of 2814?
True
Is 756 a factor of 1429820795?
False
Is 1575 a factor of 97068825?
True
Does 44 divide 410261500?
True
Does 15 divide 13679419?
False
Does 2841 divide 101420700?
False
Is 637 a factor of 341538379?
True
Is 1122 a factor of 229371961?
False
Does 9 divide 21653979?
False
Does 79 divide 2071739?
False
Does 7 divide 448686302?
False
Does 74 divide 2305046128?
True
Is 534452037 a multiple of 44?
False
Is 4037 a factor of 127004020?
True
Is 21679285 a multiple of 62?
False
Is 46688386 a multiple of 627?
False
Is 534 a factor of 807897678?
True
Is 249 a factor of 215354794?
False
Does 364 divide 228390717?
False
Is 9 a factor of 5976965?
False
Is 333725599 a multiple of 590?
False
Does 424 divide 1065294912?
True
Is 17 a factor of 154362415?
False
Is 78507528 a multiple of 3?
True
Does 518 divide 746611530?
True
Does 34 divide 198282424?
True
Is 1075748560 a multiple of 2390?
True
Is 120 a factor of 719330823?
False
Is 3189 a factor of 71669586?
True
Does 566 divide 165786988?
False
Is 104204821 a multiple of 49?
True
Is 594150414 a multiple of 2662?
True
Is 1322444715 a multiple of 3514?
False
Is 3214 a factor of 3557071993?
False
Does 6 divide 34680590?
False
Is 1753764586 a multiple of 287?
True
Does 219 divide 64604681?
False
Is 14 a factor of 2217385604?
True
Is 155338965 a multiple of 171?
True
Does 5 divide 333093437?
False
Does 5363 divide 856641399?
False
Is 61 a factor of 27520955?
False
Is 204 a factor of 7559781612?
True
Is 9277545 a multiple of 2?
False
Does 580 divide 2748040?
True
Is 14 a factor of 171557758?
False
Does 10617 divide 763984299?
False
Is 66414898 a multiple of 334?
True
Is 161836241 a multiple of 2838?
False
Does 13 divide 245320166?
True
Is 535787516 a multiple of 39?
False
Is 1517076178 a multiple of 2354?
False
Is 1250 a factor of 538165000?
True
Does 146 divide 8936222?
True
Is 388 a factor of 1448820324?
True
Is 4467350148 a multiple of 24?
False
Is 182 a factor of 34772136?
False
Is 2263 a factor of 142768184?
False
Is 5 a factor of 511017113?
False
Is 158 a factor of 1330192994?
True
Is 17 a factor of 62073579?
True
Is 965 a factor of 36928620?
True
Does 11 divide 2572713?
True
Is 254 a factor of 59668664?
True
Does 22 divide 15871375?
False
Does 1370 divide 71979800?
True
Is 64193598 a multiple of 164?
False
Is 45 a factor of 1522620?
True
Does 1448 divide 602947200?
True
Does 552 divide 476276640?
True
Does 309 divide 382052544?
True
Is 127899099 a multiple of 1307?
True
Is 664478640 a multiple of 2052?
True
Does 10 divide 355502270?
True
Is 589 a factor of 70935037?
True
Does 15 divide 56327190?
True
Is 558 a factor of 337824639?
False
Is 5 a factor of 13981640?
True
Is 122989887 a multiple of 51?
False
Is 412 a factor of 419520207?
False
Is 188471580 a multiple of 258?
True
Is 1003 a factor of 206225827?
True
Does 310 divide 62763461?
False
Is 429511192 a multiple of 1998?
False
Does 433 divide 2926551740?
True
Is 509